he remainder when p(5) is divided by 15?
13
What is the remainder when (-12)/15*(-35)/2 is divided by (-58 - -57)/(1/(-8) + 0)?
6
Calculate the remainder when 31 is divided by (10 - -17)*((-2)/6)/(-1).
4
Let a(z) = z**3 - 7*z**2 + z - 2. Suppose -3*b - 3*r + 5 = -16, -4*b = 3*r - 28. Calculate the remainder when 15 is divided by a(b).
0
Let k(j) = 6*j - 64. What is the remainder when k(20) is divided by 8?
0
Let i = -19 + 25. Let k be 2/i - 10/(-6). Suppose 2*b - 14 = -4*c, -3*c + 0*b + k*b = -28. Calculate the remainder when 16 is divided by c.
4
Suppose 0 = 3*z - 2*z - 1. Let v be z - 1/(-2)*2. Suppose 5*i = 3*j + j + 36, 8 = -v*j. Calculate the remainder when 5 is divided by i.
1
Suppose 5*c - 8*c + 5*w + 108 = 0, -2*c + 72 = 3*w. Let o = 186 - 45. Calculate the remainder when o is divided by c.
33
Let l(b) be the second derivative of 0 + 4*b + 1/2*b**3 - 5*b**2. What is the remainder when 81 is divided by l(8)?
11
Let q = -53 - -57. Suppose 2*s = q*w + 48, -33 = -4*s + 4*w + 79. Calculate the remainder when 157 is divided by s.
29
Suppose 0 = -i - 5*i + 84. Calculate the remainder when i is divided by 9.
5
Let t = 53 - 10. Suppose -c = -7*c + 96. What is the remainder when t is divided by c?
11
Let f = 3496 - 2746. Calculate the remainder when f is divided by 27.
21
Let o(y) = -y**2 + 47*y + 120. What is the remainder when o(46) is divided by 8?
6
Let h(r) = -r**3 + 12*r**2 - 30*r - 12. What is the remainder when 5*(-3 - 114/(-10)) is divided by h(6)?
18
Suppose o + 3*v = -9, -5*o - 2*v = 4 + 2. Suppose 3*h + h = o. Let q(u) = -2*u + 22. What is the remainder when q(h) is divided by 13?
9
Suppose 5*m - 5*l - 160 = 0, 5*l + 6 + 118 = 4*m. Suppose 6*z = 9*z - m. What is the remainder when 91 is divided by z?
7
Suppose -s - 3*z = -45, 4*s - 7*s + 163 = 2*z. What is the remainder when 222 is divided by s?
51
Suppose 0 = i - 4*i + 2*p + 87, -3*p = i - 29. Let m = 32 - i. Calculate the remainder when 13 is divided by m.
1
Suppose -2*t + 5*o = -37, -21*o + 102 = 5*t - 24*o. Calculate the remainder when 290 is divided by t.
17
Let z(j) = j**3 - j**2 - 4*j + 5. Suppose -9*y + 7*y = -56. Suppose 3*d - 10*d + y = 0. What is the remainder when z(d) is divided by 10?
7
Let x be ((0 + -2)*7)/2. Let u = x + 41. Let n = -20 + u. What is the remainder when 40 is divided by n?
12
Let a = -1218 - -1967. What is the remainder when a is divided by 10?
9
Let h(v) = -v - 3. Let f be h(-3). Suppose d - 253 = -g - 4*g, 3*g + 3*d - 159 = f. What is the remainder when g is divided by 17?
16
Let l(i) = -18*i**2 + 11*i - 4. Let a(o) = -19*o**2 + 11*o - 4. Let u(v) = 6*a(v) - 7*l(v). What is the remainder when 88 is divided by u(2)?
28
Let i(u) = -u**2 - 12*u - 3. Let t(v) = -v**2 - 6*v - 2. Let c(r) = 3*i(r) - 5*t(r). Calculate the remainder when c(-7) is divided by 36.
33
Let d(q) = -q**2 - 20*q + 20. Suppose t + 2 = y + 19, 5*y + 94 = 2*t. Calculate the remainder when 38 is divided by d(y).
18
Let v be (-4)/18 - 5/(270/18186). Let t = v + 510. What is the remainder when t is divided by 25?
23
What is the remainder when 4/(-9) + 319/9 is divided by 26?
9
Let n(v) = -v**2 - 2*v + 7. Let g be n(2). Let c(t) = -7*t - 2. What is the remainder when 43 is divided by c(g)?
3
Let t = -61 + 214. Suppose 3*m + 5*u = 153, -2*m - m = 3*u - t. What is the remainder when 150 is divided by m?
48
What is the remainder when 764 is divided by (34/(-8))/((-29)/580)?
84
Suppose -2*s + 7*s - 20 = 0. Calculate the remainder when (-4*s)/(4 + -6 - -1) is divided by 11.
5
Let o be 13/2 - (-6)/(-12). Suppose -o*p + p = -140. What is the remainder when 82 is divided by p?
26
Let l = 21 - 21. Calculate the remainder when 16 is divided by ((-9)/(-15) + l)/((-7)/(-70)).
4
Suppose -84*w = -83*w - 5. Suppose w*b - 82 - 33 = 0. Calculate the remainder when b is divided by 13.
10
What is the remainder when (-2)/((-8)/2294) - (-37)/(-74) is divided by 96?
93
Let d(t) = -t**2 + 8*t - 12. Let g be d(9). Let c = g - -48. What is the remainder when c is divided by 10?
7
Suppose 10 + 62 = 12*i. Suppose -i*a = -8*a + 64. What is the remainder when a is divided by 17?
15
Let w(v) = 8*v**3 - v**2 + v. Let y be (-8)/(-12)*9/6. Let z = 28 - 14. Calculate the remainder when z is divided by w(y).
6
Suppose -2*j + 105 = 3*c - 0*c, -5*j + 294 = -3*c. Let i = 28 + -57. Let x = i + j. What is the remainder when x is divided by 10?
8
Suppose 54*v - 52*v + 20 = b, 0 = 2*b - v - 28. Suppose p + 0*p - 93 = 0. Calculate the remainder when p is divided by b.
9
Suppose 9*g - 210 = -g. What is the remainder when 163 is divided by g?
16
Let y be (-336)/36*6/4. Let h = 46 + y. Calculate the remainder when h is divided by (-20 - 2)*(-2)/4.
10
Let n = -44 - -10. Let p = 46 + n. Calculate the remainder when p is divided by 5.
2
Let x(f) = 29*f - 13. Let q be -5 + 0 + 8 + 0. Suppose 19 = i + 2*h, 0 = 3*i + 2*h + 21 - 78. Calculate the remainder when x(q) is divided by i.
17
Suppose -19*f + 91 = -23. Calculate the remainder when 9 is divided by f.
3
Suppose 3*q + 277 = 2*d, q = 5*d - q - 687. Calculate the remainder when d is divided by 10.
7
Suppose -5*f = -2*y - 31, 0*y - 12 = -2*f + y. Let x = 6 - f. What is the remainder when 19 is divided by 3 + (7 - 1/x)?
8
Let s be 18/4 + 2*(-2)/(-8). Suppose 0 = -2*m + 3*u + 122, 3*m - s*u - 60 - 124 = 0. What is the remainder when m is divided by 10?
8
Suppose -2*j = -3 - 5. Suppose 3*x - 163 = -2*x - j*l, 5*x - 145 = 5*l. Calculate the remainder when 123 is divided by x.
30
What is the remainder when 28/56*33*6 is divided by 37?
25
Let y(q) = 125*q + 172. What is the remainder when y(2) is divided by 72?
62
Suppose 3*b = -3*u + 63, -4*b - u = -2*b - 38. Let r = 16 - 3. Suppose -19 = -4*w + a, 4*a - r - 7 = 0. Calculate the remainder when b is divided by w.
5
What is the remainder when 130/3*5/(-25)*-12 is divided by 15?
14
Suppose -153 - 133 = -13*t. Suppose s + 87 = 102. Calculate the remainder when t is divided by s.
7
Suppose 0 = 4*g - 4*r - 296, -5*g = -3*g + 4*r - 130. Suppose -d + m = -g, m - 2*m = 5*d - 367. What is the remainder when d is divided by 19?
16
Suppose 6288 = 30*j - 462. Calculate the remainder when j is divided by 10.
5
Let a = 10 - 137. Let p = -109 - a. What is the remainder when 89 is divided by p?
17
Suppose 72 = -2*s + 5*f, -2*s - 36 = -f + 5*f. Let l = s - -60. What is the remainder when l is divided by 11?
1
Suppose 0 = -47*c + 499 + 1052. Calculate the remainder when c is divided by 9 + 2 + 1 + 2.
5
Let k(r) = 3*r**2 - 12*r + 10. Suppose 0 = 8*i - 2*i - 24. What is the remainder when 27 is divided by k(i)?
7
Calculate the remainder when 46/(-184) - (397/(-4))/1 is divided by 27.
18
Let s(m) = m**3 + 8*m**2 - 10*m - 8. Let j be s(-9). Let a be (-215)/6 - j/6. Let h = 56 + a. What is the remainder when 59 is divided by h?
19
Suppose -4*u - 5*p = -2*u - 356, 0 = -6*u + p + 1068. Calculate the remainder when u is divided by 50.
28
Let o be 7/((-63)/6) - (-14)/(-6). What is the remainder when 32 is divided by -7*o/(-9)*-3?
4
Let v = -50 + 55. Let i be 1 - (2 + -141)*1. Suppose -i = -v*u + 3*u. Calculate the remainder when u is divided by 18.
16
Let j(k) = -k**3 + 4*k**2 + k. Let o(r) = -2*r - 3. Let s be o(-3). Calculate the remainder when 5/(-20) - (-189)/4 is divided by j(s).
11
Let m(p) be the second derivative of p**4/12 + 17*p**3/6 - 5*p**2/2 + p. Calculate the remainder when 34 is divided by m(-18).
8
Suppose 2*z - 2*w = 5*z - 566, -955 = -5*z - w. What is the remainder when z is divided by 50?
42
Let a = -115 - -144. Calculate the remainder when 44 is divided by a.
15
Suppose -4*r + 0*r + 12 = h, -5*h = -2*r - 82. Let a = h + -12. What is the remainder when 83 is divided by (-18 - (-8 + a))/(-1)?
13
Suppose 11 = -5*o + 1. Let s = o + 6. Calculate the remainder when (4/6)/((-4)/(-66)) is divided by s.
3
Let d = 221 - 212. Calculate the remainder when 16 is divided by d.
7
Suppose 3*g = -0*g + 12, 4*c - 8 = 3*g. Let l(w) = w**2 - 6*w - 2. Let h be l(8). Suppose h = j + j. What is the remainder when j is divided by c?
2
Let q(j) be the second derivative of 50*j**3/3 - 3*j**2/2 - 13*j. Calculate the remainder when q(2) is divided by 40.
37
Suppose -5*a = 11 - 1. Let q(m) be the third derivative of -5*m**4/24 - 2*m**3/3 + 2*m**2. What is the remainder when q